lculate the remainder when (0 + 6/4)*20 is divided by d.
14
Suppose -6*g = -g - 25. Suppose -3*y - 26 = -g*y - 3*j, -48 = -4*y - 5*j. Suppose -4*s + 40 = -2*s. What is the remainder when s is divided by y?
6
Let c = 6 + 4. Calculate the remainder when c is divided by 3.
1
Let f = 4 - -2. What is the remainder when 11 is divided by f?
5
Let n = -4 + 24. Suppose 4*b - 76 = 156. What is the remainder when b is divided by n?
18
What is the remainder when (5 - (-12 + -2)) + 3 is divided by 14?
8
Let x(s) = 3*s + 10. Let r be x(-7). Let l = -5 - r. Suppose 0 = l*d - d - 170. What is the remainder when d is divided by 12?
10
Let z(w) = w**2 + 8*w + 6. Let g be z(-5). Suppose -c + 3*d = 3*c - 73, -2*d = c - 32. What is the remainder when c is divided by 36/(-30)*(g + -1)?
10
Suppose 4*a + 2*f = -58, -5*a = -3*f + 6 + 39. Let u = -3 - -10. What is the remainder when -57*-2*(-2)/a is divided by u?
5
What is the remainder when (-9)/24 + (-211)/(-8) is divided by 1/(-1) - (-15)/1?
12
Let d be ((-24)/(-4) - -3) + -3. Suppose 30 = d*t - t. What is the remainder when 10 is divided by t?
4
Let m = -175 - -233. What is the remainder when m is divided by 15?
13
Suppose -2*y = -1 - 3. Suppose -v - 5*h = -7, -4*v = -3*h - 3 - 2. Suppose 0 = -4*o + w + 8 - v, -3*w = -o - 4. Calculate the remainder when y is divided by o.
0
Suppose -3 + 1 = -o + 2*m, 3*o - m = 11. What is the remainder when ((-63)/14)/((-2)/o) is divided by 5?
4
Calculate the remainder when 29 is divided by ((-4)/10)/(3/(-60)).
5
Let p(k) = 2*k + 1. Suppose -2*s - 6 = s. Let v be p(s). What is the remainder when 8*5*(v - -4) is divided by 14?
12
Let k = 190 - 81. Suppose -2*a = -4*a - 3*b + k, -a = -3*b - 41. What is the remainder when a is divided by 17?
16
Suppose 3*w + 5 - 17 = -4*x, -w - 16 = -2*x. Calculate the remainder when 16 is divided by x.
4
Suppose -4*c + 2*z = 14, 0 = -4*c + 4*z - 30 + 6. Let p be 10 + c*(1 + 0). What is the remainder when 9 is divided by 47/p + 4/(-18)?
4
Let b be (-2)/9 - 2/(-9). What is the remainder when b - -9 - (11 + -9) is divided by 5?
2
Suppose 2*o - 2*h = -3*h + 73, 4*h = -2*o + 88. Calculate the remainder when o is divided by 7/((-21)/(-27)) - 0.
7
Suppose 3*x - y = -0*y - 67, 0 = 5*x - 3*y + 113. Let s = 48 + x. What is the remainder when s is divided by 7?
5
Suppose 5*g + 2 + 2 = -2*z, 0 = 5*z - 5*g - 60. What is the remainder when 24 is divided by z?
0
Let f(d) = d**3 + d - 3. What is the remainder when f(3) is divided by 10?
7
Suppose c = -2*c + 27. Let z(i) = -3*i + 3*i**2 + 3*i**2 - 1 - 5*i**2. Calculate the remainder when c is divided by z(4).
0
Let x(m) = -5*m + 4. Suppose 5*b = -4*f + 88, 1 + 4 = b + 5*f. Suppose -h + 3*h - b = 0. Calculate the remainder when x(-7) is divided by h.
9
Let g(n) = -n + 13. Let p(s) = 11*s + 2. What is the remainder when p(2) is divided by g(0)?
11
Suppose -2*u + 189 = -5*u. Let k = 45 + u. Calculate the remainder when 1*(-1 + k)*-1 is divided by 10.
9
Let d = 214 - 140. Calculate the remainder when d is divided by 19.
17
Let h = -55 + 82. Calculate the remainder when 75 is divided by h.
21
Suppose -3*v + 3 = -15. Let a(j) = 16*j - 2. Let o be a(2). Let s = o - 14. Calculate the remainder when s is divided by v.
4
Suppose 15 = -2*p - 3*p, 4*i - 2*p = 370. What is the remainder when i is divided by 31?
29
Suppose 56 = 19*t - 15*t. Let h(y) = -y**2 - 8*y - 7. Calculate the remainder when t is divided by h(-5).
6
Suppose 10 = -4*v + 34. What is the remainder when 34 is divided by v?
4
Let x(b) = -b - 2. Let t be x(2). Let z = 5 - t. What is the remainder when 32 is divided by z?
5
Let m be 454/(-8) - 3/12. Let o = -2 - m. Calculate the remainder when o is divided by (-1132)/(-60) - 6/(-45).
17
Suppose -2*c - c = -6. Suppose 0 = c*h - 2 - 2. Let r(m) = 14*m - 2. What is the remainder when r(h) is divided by 9?
8
Let y = -10 + 14. Suppose 3*a = b, 0 = 4*b + b + y*a - 95. What is the remainder when b is divided by 9?
6
Suppose 0 = 4*h - 0*h - 72. Suppose k - 143 = -4*b - h, 3*b - 111 = 5*k. Suppose -n + 10 = -1. What is the remainder when b is divided by n?
10
Let m(t) = 1 + t**3 + 3 - t**2 - 6 + 3*t. Calculate the remainder when m(3) is divided by 13.
12
Let u(k) = 10*k**3 + k**2 - k + 1. Calculate the remainder when u(1) is divided by 7.
4
Suppose -2*o + 4*o - 18 = 0. Suppose -4*d - d + 140 = 5*n, 2*n + 88 = 4*d. Calculate the remainder when d is divided by o.
6
Calculate the remainder when 129 is divided by 10/(-25)*(1 - 111).
41
Let u = -74 - -86. What is the remainder when 29 is divided by u?
5
What is the remainder when (-5120)/(-96) + 2/(-6) is divided by 9?
8
Let o(l) = l + 10. Let z be o(-6). Let m(a) = -39*a - 3. Let p be m(-3). Suppose z*v = v + p. Calculate the remainder when v is divided by 20.
18
Suppose 4*t - 5*t + 8 = 0. What is the remainder when -1 + 3 + (0 - -12) is divided by t?
6
Let v = 24 + -8. What is the remainder when 31 is divided by v?
15
Let j be (-2 - 5)*(0 + -2). Suppose 0 = 3*f + 5*a - 81, 74 = 3*f - 2*a + j. What is the remainder when 42 is divided by f?
20
Let a = -73 + 133. Suppose -r + 19 = 2*y, -a = -4*r - 3*y - y. Calculate the remainder when 42 is divided by r.
9
Let f(x) = 2*x**2 + x - 1. Calculate the remainder when f(-3) is divided by 8.
6
Suppose 9 = -z + 4*x, 2*x - 21 = -2*z + z. Calculate the remainder when 20 is divided by z.
9
Suppose -2*p - p + 150 = 0. What is the remainder when p is divided by 13?
11
Suppose -9*r + 4*r + 40 = 0. Let i(q) = q**3 - 9*q**2 + 11*q - 9. Calculate the remainder when (2 + 2)*(0 - -7) is divided by i(r).
13
Suppose 6*v - 184 = -3*y + 2*v, y - 3*v = 57. Suppose -4 + 14 = -5*t, 3*t - y = -3*p. Suppose 0 = 4*g - 140 - 120. What is the remainder when g is divided by p?
21
Suppose -5*o = 2*y - 1 + 12, 0 = 2*y - 4*o - 16. What is the remainder when 25 is divided by y?
1
Suppose c + 3*c - 16 = 0. Calculate the remainder when 1 + 32/((-6)/(-3)) is divided by c.
1
Let q = 58 + -41. Let m = 10 - 4. Calculate the remainder when q is divided by m.
5
Let p = 270 - 168. What is the remainder when p is divided by 13?
11
Let y(a) = -26*a**3 + 1. Calculate the remainder when 52 is divided by y(-1).
25
Let s be 1*-6 + 12 + -12. Let d(m) = -3*m + 17. Calculate the remainder when d(s) is divided by 2 + (-1)/(1/(-16)).
17
Suppose -r + 2*k + 4 = 0, -5*k - 28 = -r - 3*r. What is the remainder when r is divided by 4?
0
What is the remainder when 46 is divided by (-6)/33 + (-804)/(-66)?
10
Suppose 0 = s - 8 - 17. Suppose -y + 1 = -s. Calculate the remainder when y is divided by 9.
8
Let n = 4 - -2. Suppose 0 = -4*y - w - 28 + n, -2*y = 5*w + 2. What is the remainder when 50 is divided by 3/(-2)*68/y?
16
What is the remainder when 2 - ((-8)/(-4) - 46) is divided by 12?
10
Let y = -106 + 196. Suppose 0 = h + 4*h - y. What is the remainder when 52 is divided by h?
16
Let t = 67 - 43. Calculate the remainder when ((-28)/(-6))/(4/60) + 1 is divided by t.
23
Let o(b) = 9*b + 3. What is the remainder when o(3) is divided by (-210)/(-13) + (-2)/13?
14
Let f be (-3)/(-3) + 1 + 8. Suppose 3*s + f = 43. Calculate the remainder when s is divided by 4.
3
Let m(w) = -w + 14. Let o be m(6). Suppose 2*b = 4*c - 8, -4*c + o + 0 = -3*b. Suppose b = -2*l - 3*l + 80. Calculate the remainder when 45 is divided by l.
13
Let c = -25 - -76. Calculate the remainder when c is divided by 20.
11
Let s = 11 + -7. Suppose s*f - 20 = 28. Calculate the remainder when 35 is divided by f.
11
Calculate the remainder when 6 + 2/1 - (-12)/(-4) is divided by 4.
1
Suppose 6*u = 3*u + 42. Calculate the remainder when 27 is divided by u.
13
Let t(o) = 6*o - 1. Calculate the remainder when 19/((-4 + 0)/(-4)) is divided by t(1).
4
Let s(q) = -q**3 - 2*q**2 + 3*q + 5. What is the remainder when s(-5) is divided by 22?
21
Let v be (9/(-6))/((-3)/(-72)). What is the remainder when 44 is divided by (-2)/(-9) - 532/v?
14
Suppose n = -2*n - u, -n = 5*u. Suppose 5*j - 11 = 4*g, n*j - 4*g + 7 = j. Suppose -28 = -j*l - l. Calculate the remainder when 13 is divided by l.
6
Let l = -81 - -114. Calculate the remainder when l is divided by 9.
6
Let m = 13 - 11. Suppose -m*z = -5*z + 225. What is the remainder when z is divided by 19?
18
Let m be 2/6*12/2. Suppose 0 = -3*f - 5*p + 20, 26 = 3*f + 4*p - m*p. What is the remainde